 1/6*q**3 - 5*q**2. Calculate j(x).
-3
Let h = 1519/5 + -3013/10. Let m(r) be the first derivative of -h*r**2 + 0*r - 1/4*r**4 - 14 + 7/3*r**3. What is m(6)?
6
Let q(t) = -10*t**3 - 2*t**2 - 2*t - 2. Let h be q(-1). Let b(a) = -3 + 0*a**3 + 4 - h*a**3 + a + 1. What is b(-1)?
9
Let w(a) be the third derivative of -1/3*a**3 + 0 - 1/24*a**4 - 2*a**2 - 25*a. Suppose 5*u + 19 + 21 = 0. Calculate w(u).
6
Let k(a) be the second derivative of -a**5/20 - 11*a**4/12 - 19*a**3/6 - 9*a**2/2 + 2*a + 122. What is k(-9)?
0
Let a(s) = -22*s**2 + 2*s - 1. Let v(g) = -76*g**2 + 6*g - 4. Let y(d) = 14*a(d) - 4*v(d). Determine y(-4).
-78
Let f(t) = -11*t**3 - 27*t**2 - 166*t - 6. Let k(b) = 3*b**3 + 9*b**2 + 46*b + 2. Let x(r) = 2*f(r) + 7*k(r). Let y = -14 + 21. What is x(y)?
30
Let y(z) = -z - 1. Let m be (-2 - 5)/42 + 7/6. Let g(n) = -5*n + 0 + 2*n - 4 - 2. Let i(u) = m*g(u) - 2*y(u). What is i(0)?
-4
Let c be (-26 - -22)*(-4)/((-16)/918). Let b = 924 + c. Let p(t) = -t**2 + 9*t - 1. Calculate p(b).
17
Let i(z) be the first derivative of -z**4/4 - 28*z**3/3 + 35*z + 2360. Calculate i(-28).
35
Let z(q) = -2*q**3 - 7*q**2 - 6*q + 4. Suppose 524 - 495 = -5*a - 3*g, -2*a + 2*g = 2. What is z(a)?
44
Suppose -2*v = 5*i - 24, 2 = -3*i + 8. Let b be 72/(-21) + (-4)/v + -1. Let p(u) = u**2 + 4*u + 2. Calculate p(b).
7
Let v(o) = 222108*o + 12*o**2 + 2*o**2 - 8 - 222103*o + 2*o**3. What is v(-6)?
34
Let l(s) = 3*s**2 - 7*s + 2. Suppose 154*b - 149*b = 20. Let u(g) = 7*g**2 - 16*g + 4. Let q(i) = b*u(i) - 9*l(i). Determine q(0).
-2
Let t(j) = j**3 + 29*j**2 + 180*j - 9. Let i be t(-20). Let s(a) = a**3 + 7*a**2 - 15*a + 30. Determine s(i).
3
Let a(z) be the third derivative of 1/20*z**5 + 0*z + 1/2*z**3 - 1/6*z**4 + 0 + 60*z**2. Calculate a(3).
18
Let f(h) = -4*h**2 - h**3 + 5*h - 11 + 4 + 0*h**3. Let m be ((-3)/2)/(1 - (-35)/(-50)). Calculate f(m).
-7
Let m(g) = -10*g**2 + 9*g + 5*g**3 + 1 + 0*g**3 - 4*g**3. Let d be m(9). Let p(r) = 3*r - 11*r + 9*r - 13*r**3. What is p(d)?
-12
Let q(y) = 4*y - 7. Let l(i) be the first derivative of i**2/2 - i + 3. Let u(t) = 3*l(t) - q(t). Let c = 84 - 80. Determine u(c).
0
Let v(k) be the third derivative of 0*k + 1/24*k**4 - 7/6*k**3 - 2*k**2 - 1/120*k**6 + 1/15*k**5 + 0. Give v(4).
-3
Let i be 1*187 + (12 - (-14)/(-2)). Let n(h) = i - 15*h - 96 - 97. What is n(-2)?
29
Let m(d) = 16*d**2 + 263 - 595 - 2*d**3 + 324. Calculate m(8).
-8
Let h(u) = -125*u - 1. Let g be ((-5)/(-3))/(40/9*(-780)/(-2080)). Calculate h(g).
-126
Let p = -94 + 96. Let i(r) = 0 - p + 4*r - 11*r + 10*r. Suppose 6*w - 2*w + 12 = 0. Calculate i(w).
-11
Let y(k) be the third derivative of 0*k - 5/12*k**4 + 0 + 4/3*k**3 + 67*k**2 + 1/120*k**6 - 1/15*k**5. What is y(6)?
20
Let f be 312/20 - ((-2)/(-5))/(-1). Let q = -3 + f. Let c(p) = 19*p + q*p + 20*p - 62*p. What is c(1)?
-10
Let y(a) be the third derivative of a**5/60 + a**4/4 + 3*a**3/2 - 8*a**2. Let w(n) = -6*n + 288. Let f be w(49). Give y(f).
9
Let m = 3260 - 3260. Let d(b) = -b**2 + 2*b - 11. Let w(z) = -z**2 + z - 11. Let t(v) = 2*d(v) - 3*w(v). Give t(m).
11
Let d(q) = 3*q**2 + 5*q + 10. Let l be (-5 + 6 + -3)/(1/2). Let i(r) = 4*r + 8. Let y(h) = l*d(h) + 5*i(h). Let u be -1*(-2)/(6/3). What is y(u)?
-12
Let d(p) = -2*p**2 - 2 - 3*p + p**3 + 2*p**2. Let r = -521 + 413. Let x be r/51 - -1*(-12)/(-102). Give d(x).
-4
Let z(n) be the third derivative of n**4/4 + 25*n**3/6 + n**2 - 37*n. What is z(-4)?
1
Let z(m) be the second derivative of m**4/6 + 5*m**3/3 + 13*m**2/2 + 3*m + 9. Let l(i) = i**2 + 4*i + 6. Let q(o) = -9*l(o) + 4*z(o). Give q(4).
-2
Let d(v) = v**3 + 4*v**2 - 2*v - 8. Let g(b) = -7*b - 130. Let t be g(-18). Let u be 7/(42/t) + 90/(-27). Calculate d(u).
0
Suppose 20*x - 4945 = -4825. Let t(y) be the third derivative of -y**4/24 + 5*y**3/3 - y**2. Determine t(x).
4
Let b(l) = -l**3 - 3*l**2 + 12*l + 8. Suppose 1783 = -n + 1778. Give b(n).
-2
Let w(x) = x**3 - 6*x**2 + 2*x - 9. Suppose -4*j + j + 102 = 5*p, -p - 4*j = -34. Suppose 0 = -v + 24 - p. What is w(v)?
3
Let h(i) = i**3 + 3*i**2 + 3*i + 3. Suppose 0 = -10*u + 2*u - 544. Let m = 66 + u. Determine h(m).
1
Let r be 1/(12/8) - 2/3. Suppose -3*w + 4*f + 51 = r, -w = -3*f - 25 + 3. Let p(g) = -5 + w*g - 10*g + 5. What is p(2)?
6
Suppose 0 = -5*a + 4*y - 21, 3*a - 9*y + 6*y = -12. Let h(c) = -4*c**3 - c**2 + 5. Let g(f) = -3*f**3 + f + 5. Let q(b) = a*g(b) + 4*h(b). Give q(-2).
-3
Let a(t) = t**2 + 5*t - 4. Let n = -586 - -590. Let g be 0/(28/n) - (-9)/3. Determine a(g).
20
Let t = -75 + 77. Let q(f) = 5*f - 1. Let h(r) = -6*r - 1. Let a(i) = h(i) + 2*q(i). Determine a(t).
5
Let c(k) be the second derivative of -1/6*k**3 - 13/2*k**2 - 8 - k. Give c(0).
-13
Let i(r) = r**2 + 2*r - 1. Let z = 31 + -27. Suppose 3*o + 2*y = -39, o + z*y + 13 = -y. Let n(b) = b**2 + 12*b - 16. Let x be n(o). What is i(x)?
2
Let h(g) be the third derivative of g**8/20160 + g**7/360 + g**6/360 + 53*g**5/20 - g**2 + 19*g. Let p(v) be the third derivative of h(v). Calculate p(-14).
2
Let a(t) be the second derivative of t**3/6 + 6*t**2 + 3452*t. Determine a(-5).
7
Let k(d) = -d**3 + 2*d - 2. Let z(m) = -m**3 + 9*m**2 - 11*m + 26. Let l be 2/6*(15/(-5) + 9). Suppose -l + 50 = 6*p. Let a be z(p). Determine k(a).
-6
Let z(y) be the second derivative of y**3/6 - y**2 + 16*y + 51. Suppose 0 = 4*c - c + 24. Let u be (c/(-6))/(6/27). Calculate z(u).
4
Suppose q = z + 220, 0*z = 2*z + 2*q + 460. Let r = 227 + z. Let x(u) be the first derivative of u**4/4 + u + 6. Give x(r).
9
Suppose -195*h + 41*h - 711 = -75*h. Let p(y) = -23*y - 214. Give p(h).
-7
Let p(c) = -20 - 30 + 3*c + 80 - 15. Give p(-6).
-3
Let m(c) = 9*c + 5. Let x be m(-1). Let o(t) = -11*t + 9*t + 3*t + 6. What is o(x)?
2
Suppose 6*g - 357 - 2733 = 0. Let x = 516 - g. Let u(h) = -7*h**2 + 1. Give u(x).
-6
Suppose 9*u = 16*u + 1638. Let p = u + 235. Let l(x) = 1 - x**3 - 2*x + 0*x**3 + 0*x**2 - 3*x**3 + x**2. Calculate l(p).
-4
Let y(f) be the second derivative of -7*f**4/12 - 7*f. Suppose -22 + 161 = -148*o - 9. Calculate y(o).
-7
Let a(l) be the third derivative of -5*l**4/12 + 118*l**3/3 - 3*l**2 + 633*l. Determine a(24).
-4
Let l = 563 + -557. Let m(d) = d**3 + 8*d**2 - 8. Let z(p) = -4*p**3 - 25*p**2 + 25. Let r(v) = 7*m(v) + 2*z(v). Calculate r(l).
-6
Let j(n) = -17*n**3 - 4*n + 1. Let x(v) = -v**3 - v**2 - v. Let l(q) = j(q) - 2*x(q). Suppose -4 = -16*s + 12*s. What is l(s)?
-14
Let n(s) = -2*s**3 + 2*s**2 + s. Let y(m) = -m**2 - 10*m - 19. Suppose 67 = -21*u - 80. Let g be y(u). Give n(g).
-6
Let c(a) = 15*a**2 + 35 - 10*a**2 - 6*a**2 + 18*a + a**2 + a**2. Determine c(-12).
-37
Let z(m) be the second derivative of -m**3/3 - m**2/2 + 6*m. Let b = 4397 - 4395. Determine z(b).
-5
Suppose -4*f + 2*i - 4 = 0, 0*f = 4*f - 5*i - 2. Let t(b) = 20*b**2 - 3*b - 4. Calculate t(f).
82
Suppose 5*z + 3*m + 48 = 0, -m - 3*m = -2*z - 14. Let s be 1 - (z/(-3) + -21). Let r be ((-2)/(-6))/(s/399). Let q(p) = -3*p + 8. Determine q(r).
-13
Let j(c) = -19*c + 19. Let h be ((-6)/(-12))/((-5)/20*-2). Give j(h).
0
Let x(c) = -10 + 54 - 5*c - 11 - 11 - 13 - 12. Let f be 6/(-36) - 17/6. What is x(f)?
12
Let m(q) = q**3 + 6*q**2 - q - 6. Let j be m(-6). Let s(k) = k**3 + 228*k**2 + 3*k - 348*k**2 - 4*k + 119*k**2 + 23 + 0*k**3. Calculate s(j).
23
Let s = -41203 - -41200. Let d(n) = -5*n**2 - 5*n + n + n**2 - 2. Calculate d(s).
-26
Let l(r) = -r**2 + r. Let q(d) = 5*d**2 + 2*d - 5. Let m(n) = 6*l(n) + q(n). Suppose 3*p = 5*y - 48, -21*p = 3*y - 18*p - 24. Determine m(y).
-14
Let k(t) be the third derivative of -t**5/60 + 7*t**4/24 - 2*t**3/3 - t**2. Suppose -12*r + 600 = -180. Suppose 11*x - r = 12. What is k(x)?
-4
Let w(a) = -46*a**3 + 18*a**2 - 3. Let l(c) = 96*c**3 - 39*c**2 + 6. Let z(v) = -6*l(v) - 13*w(v). What is z(2)?
179
Suppose 3*y = -2*y - 15. Let m be -3 - (3 - 2) - y. Let r(i) = -8581*i - 14*i**3 + i**2 + 8581*i - 1. Give r(m).
14
Suppose 16*h + 694 = 3*b + 12*h, -925 = -4*b + 5*h. Let u = b - 230. Let a(d) = d - 12. Give a(u).
-12
Let q(l) = 2*l - 1. Suppose -56 = 3*a - 116. Suppose -4*d + a = 0, 7*t - 4*t + 5*d = 43. Suppose t*w + w - 21 = 0. Determine q(w).
5
Let d be -4*(-2 + (-21)/(-6)). Let v(a) = -9*a**2 - 14*a + 4. Let i(y) = 2*y**2 + 2*y - 1. Let u be 0 + 3 - -1 - 0/7. Let h(w) = u*i(w) + v(w). What is h(d)